factors of 802?
2, 401
List the prime factors of 1251.
3, 139
List the prime factors of 27706.
2, 7, 1979
What are the prime factors of 27299?
27299
List the prime factors of 254.
2, 127
List the prime factors of 1057.
7, 151
List the prime factors of 32446.
2, 16223
List the prime factors of 26019.
3, 7, 59
List the prime factors of 56973.
3, 7, 2713
List the prime factors of 6944.
2, 7, 31
List the prime factors of 10285.
5, 11, 17
What are the prime factors of 67688?
2, 8461
What are the prime factors of 58136?
2, 13, 43
List the prime factors of 34129.
34129
List the prime factors of 29062.
2, 11, 1321
List the prime factors of 4008.
2, 3, 167
What are the prime factors of 40417?
13, 3109
What are the prime factors of 1656?
2, 3, 23
List the prime factors of 6189.
3, 2063
List the prime factors of 12758.
2, 6379
List the prime factors of 5325.
3, 5, 71
What are the prime factors of 60293?
60293
What are the prime factors of 2781?
3, 103
What are the prime factors of 2121?
3, 7, 101
What are the prime factors of 13635?
3, 5, 101
What are the prime factors of 4747?
47, 101
What are the prime factors of 2282?
2, 7, 163
What are the prime factors of 2403?
3, 89
List the prime factors of 629.
17, 37
List the prime factors of 6727.
7, 31
List the prime factors of 8530.
2, 5, 853
What are the prime factors of 53132?
2, 37, 359
What are the prime factors of 3379?
31, 109
List the prime factors of 4921.
7, 19, 37
List the prime factors of 1543.
1543
What are the prime factors of 1167?
3, 389
List the prime factors of 3007.
31, 97
What are the prime factors of 9374?
2, 43, 109
List the prime factors of 21390.
2, 3, 5, 23, 31
What are the prime factors of 6526?
2, 13, 251
What are the prime factors of 39?
3, 13
What are the prime factors of 2142?
2, 3, 7, 17
List the prime factors of 116.
2, 29
What are the prime factors of 1891?
31, 61
What are the prime factors of 101527?
101527
What are the prime factors of 10167?
3, 3389
List the prime factors of 17095.
5, 13, 263
What are the prime factors of 935?
5, 11, 17
List the prime factors of 26979.
3, 17, 23
What are the prime factors of 10092?
2, 3, 29
What are the prime factors of 59616?
2, 3, 23
List the prime factors of 42922.
2, 11, 1951
List the prime factors of 287.
7, 41
List the prime factors of 1170.
2, 3, 5, 13
What are the prime factors of 241?
241
List the prime factors of 876.
2, 3, 73
What are the prime factors of 52926?
2, 3, 8821
What are the prime factors of 2082?
2, 3, 347
List the prime factors of 8204.
2, 7, 293
What are the prime factors of 1133?
11, 103
What are the prime factors of 971?
971
List the prime factors of 8997.
3, 2999
What are the prime factors of 444?
2, 3, 37
What are the prime factors of 2228?
2, 557
What are the prime factors of 28657?
28657
What are the prime factors of 2814?
2, 3, 7, 67
What are the prime factors of 33593?
7, 4799
List the prime factors of 7778.
2, 3889
List the prime factors of 73335.
3, 5, 4889
List the prime factors of 7189.
7, 13, 79
List the prime factors of 2068.
2, 11, 47
List the prime factors of 56421.
3, 6269
List the prime factors of 16151.
31, 521
What are the prime factors of 439?
439
What are the prime factors of 8847?
3, 983
List the prime factors of 3943.
3943
List the prime factors of 146.
2, 73
What are the prime factors of 8796?
2, 3, 733
List the prime factors of 533.
13, 41
What are the prime factors of 172?
2, 43
List the prime factors of 17931.
3, 43, 139
List the prime factors of 7663.
79, 97
What are the prime factors of 1142?
2, 571
What are the prime factors of 74167?
74167
What are the prime factors of 1185?
3, 5, 79
What are the prime factors of 10431?
3, 19, 61
List the prime factors of 2103.
3, 701
What are the prime factors of 28453?
37, 769
List the prime factors of 82739.
17, 31, 157
List the prime factors of 9238.
2, 31, 149
What are the prime factors of 65932?
2, 53, 311
What are the prime factors of 462?
2, 3, 7, 11
What are the prime factors of 2556?
2, 3, 71
List the prime factors of 6001.
17, 353
List the prime factors of 14316.
2, 3, 1193
What are the prime factors of 2401?
7
List the prime factors of 491.
491
List the prime factors of 4698.
2, 3, 29
What are the prime factors of 41889?
3, 13963
What are the prime factors of 1549?
1549
List the prime factors of 37028.
2, 9257
List the prime factors of 10753.
10753
What are the prime factors of 2121?
3, 7, 101
What are the prime factors of 83881?
7, 23, 521
List the prime factors of 675.
3, 5
List the prime factors of 1546.
2, 773
List the prime factors of 5526.
2, 3, 307
What are the prime factors of 3510?
2, 3, 5, 13
What are the prime factors of 1966?
2, 983
What are the prime factors of 10622?
2, 47, 113
What are the prime factors of 718?
2, 359
List the prime factors of 4625.
5, 37
What are the prime factors of 31450?
2, 5, 17, 37
What are the prime factors of 1165?
5, 233
List the prime factors of 11457.
3, 19, 67
What are the prime factors of 985?
5, 197
What are the prime factors of 12492?
2, 3, 347
What are the prime factors of 1362?
2, 3, 227
List the prime factors of 85853.
85853
What are the prime factors of 816?
2, 3, 17
What are the prime factors of 86194?
2, 71, 607
What are the prime factors of 6762?
2, 3, 7, 23
List the prime factors of 7978.
2, 3989
What are the prime factors of 6460?
2, 5, 17, 19
What are the prime factors of 675?
3, 5
List the prime factors of 16620.
2, 3, 5, 277
What are the prime factors of 2?
2
What are the prime factors of 6622?
2, 7, 11, 43
List the prime factors of 10596.
2, 3, 883
List the prime factors of 1433.
1433
What are the prime factors of 1509?
3, 503
What are the prime factors of 4381?
13, 337
List the prime factors of 54.
2, 3
What are the prime factors of 3856?
2, 241
List the prime factors of 256.
2
List the prime factors of 484.
2, 11
List the prime factors of 69999.
3, 23333
List the prime factors of 20976.
2, 3, 19, 23
List the prime factors of 196383.
3, 11, 541
List the prime factors of 204.
2, 3, 17
List the prime factors of 175086.
2, 3, 71, 137
List the prime factors of 3368.
2, 421
List the prime factors of 4793.
4793
What are the prime factors of 46641?
3, 7, 2221
What are the prime factors of 2534?
2, 7, 181
What are the prime factors of 1654?
2, 827
List the prime factors of 71819.
11, 6529
What are the prime factors of 1581?
3, 17, 31
List the prime factors of 17396.
2, 4349
What are the prime factors of 1402?
2, 701
What are the prime factors of 1691?
19, 89
List the prime factors of 3367.
7, 13, 37
List the prime factors of 178.
2, 89
List the prime factors of 6952.
2, 11, 79
What are the prime factors of 440?
2, 5, 11
List the prime factors of 32763.
3, 67, 163
What are the prime factors of 8740?
2, 5, 19, 23
What are the prime factors of 20520?
2, 3, 5, 19
What are the prime factors of 4101?
3, 1367
List the prime factors of 2921.
23, 127
What are the prime factors of 12550?
2, 5, 251
What are the prime factors of 23434?
2, 11717
What are the prime factors of 3606?
2, 3, 601
List the prime factors of 106481.
233, 457
What are the prime factors of 5018?
2, 13, 193
List the prime factors of 29556.
2, 3, 821
List the prime factors of 1723.
1723
List the prime factors of 53960.
2, 5, 19, 71
What are the prime factors of 1335?
3, 5, 89
List the prime factors of 1406.
2, 19, 37
What are the prime factors of 9?
3
What are the prime factors of 870?
2, 3, 5, 29
List the prime factors of 123847.
271, 457
List the prime factors of 189392.
2, 7, 19, 89
What are the prime factors of 286?
2, 11, 13
What are the prime factors of 6469?
6469
List the prime factors of 42430.
2, 5, 4243
What are the prime factors of 496?
2, 31
List the prime factors of 433.
433
List the prime factors of 769.
769
List the prime factors of 15410.
2, 5, 23, 67
What are the prime factors of 123806?
2, 103, 601
List the prime factors of 1926.
2, 3, 107
What are the prime factors of 7317?
3, 271
What are the prime factors of 7725?
3, 5, 103
List the prime factors of 40346.
2, 20173
List the prime factors of 370.
2, 5, 37
List the prime factors of 1417.
13, 109
List the prime factors of 509.
509
What are the prime factors of 61026?
2, 3, 7, 1453
List the prime factors of 1479.
3, 17, 29
List the prime factors of 5608.
2, 7